2*l + h = -0*h - 17, -15 = -5*h. What is the highest common divisor of r and l?
2
Let m = 9 - -35. Let j be (22/4)/((-12)/(-8) - 1). What is the greatest common factor of j and m?
11
Let i be (4/16*4)/1. Let v be (-1 - i)/(-1) - -21. Calculate the greatest common factor of v and 115.
23
Suppose -t = w - 45, -w + 0*t - 3*t = -39. Let b(i) = -i**2 + i + 12. Let u be 2/1 + -1 + -1. Let d be b(u). Calculate the highest common divisor of w and d.
12
Let m(i) = i**2 - i + 5. Suppose 0*b + 2*b + 6 = 3*h, -3*h = 5*b - 27. Let j = b + 2. Let x be m(j). Calculate the highest common factor of x and 175.
25
Let d be (-2 + -1 - 3)*-3. What is the highest common factor of 90 and d?
18
Let z = 30 + 8. Suppose 81 - 23 = 5*u + 2*t, 3*u - z = 2*t. What is the greatest common divisor of u and 12?
12
Let o(i) = -2*i + 9. Let y be o(-7). Let g = 10 + y. What is the greatest common factor of 11 and g?
11
Suppose -3*n - 4*o = -47, 2*o - 55 = -2*n - n. Calculate the greatest common divisor of n and 42.
21
Let k be (0 - 0)/(-1) - -12. Let d be 26*((-3)/2)/(-3). Let a = d + -7. Calculate the greatest common divisor of a and k.
6
Suppose -12 = 3*m, y + y + 2*m - 190 = 0. Let f(o) = -o**3 + 7*o**2 - 6*o - 9. Let t be f(5). Calculate the greatest common divisor of t and y.
11
Suppose 0 = 5*c - 6*c + 48. Calculate the greatest common divisor of c and 6.
6
Suppose 0 = -37*q + 38*q - 57. Calculate the highest common divisor of q and 19.
19
Let l be (30/15)/(0 - (-2 + 1)). Suppose -w + u + 55 = -25, -2*w = 5*u - 160. Suppose -l*m = 2*m - w. Calculate the highest common factor of m and 20.
20
Let r(x) = -16*x. Let q be r(-1). Suppose 0 = d - 4*d + 21. Let w = 23 - d. Calculate the highest common factor of q and w.
16
Suppose 5*x + 36 = -4. Let w be (258/x)/((-2)/8). Suppose -96 = -5*n + w. Calculate the highest common factor of n and 18.
9
Let l(d) = -d + 4. Let q be l(2). Suppose -q*h - h + 4 = -5*v, -5*h = 4*v - 19. What is the highest common divisor of 11 and v?
1
Let b(l) = l**3 - l + 1. Let d be b(-2). Let g = d + 10. Calculate the highest common factor of g and 25.
5
Suppose 5*b + 7 = 2*w - 13, 4*b = 4*w - 28. Suppose 5*d - 4*j = -0*d + 83, d - 25 = 5*j. Calculate the greatest common factor of w and d.
5
Suppose -23*c - 25 = -28*c. Calculate the highest common factor of 5 and c.
5
Suppose -9 = 3*f - 4*f. Calculate the highest common divisor of f and 1.
1
Let w(g) = 3*g**3 - 2. Suppose 8 = 3*x + x. Let h be w(x). Calculate the greatest common divisor of h and 2.
2
Let p be (-2880)/(-204) - (-2)/(-17). What is the highest common factor of p and 70?
14
Let c(g) = -g + 17. Let i be c(13). Suppose 0 = -i*f - 3*f + 168. Calculate the greatest common factor of f and 8.
8
Suppose -q + 2 = -3*q. Let t(u) = -21*u - 2. Let p be t(q). Calculate the highest common factor of 57 and p.
19
Let h = -18 + 63. Let k be 2/(-9) + 370/h. Suppose m + m - k = 0. Calculate the highest common factor of 6 and m.
2
Let b = 41 - 13. What is the greatest common divisor of b and 7?
7
Let g(w) = 5*w - 3. Suppose 10 - 30 = -4*p. Let v be g(p). Suppose 4*s - 114 = 590. What is the highest common factor of s and v?
22
Let l(d) = d**3 - 7*d**2 - 9*d + 11. Let t be l(8). Suppose -t*p + 8 = p. Let n = p + 8. What is the greatest common factor of 60 and n?
10
Suppose -2 + 4 = d. Let x be 6 - (-1)/d*2. Let c = x - 2. What is the highest common factor of 30 and c?
5
Let l(s) = s**3 + s**2 + 31. Let o be l(0). Suppose 4*z - o = 5. Suppose -h + 77 = -q, 139 = 4*h - 2*h + q. What is the greatest common divisor of z and h?
9
Suppose -8 = 4*m - 3*m. Let z = m - -11. Suppose -4*g = 5*r - 155, r - z*r - 4*g = -74. What is the greatest common factor of 18 and r?
9
Let g be (0 + 9)*(6 + 5). What is the greatest common factor of 9 and g?
9
Let p(i) = -5*i + 27. Let o be p(-9). Calculate the greatest common divisor of o and 9.
9
Let a be 2 - (165 + (3 - 1)). Let k be ((-2)/(-3))/((-10)/a). Calculate the greatest common factor of 11 and k.
11
Suppose 4 = -y + 2*y. Let o be (-2)/(-4) + 746/y. Calculate the highest common factor of o and 17.
17
Let p be -1 - (-3 + 0 + -2). Suppose p*h - 25 = -5*g - 3, 2*h - 6 = 0. Let v(t) = 5*t**2 - 9*t + 8. Let u be v(1). What is the highest common factor of u and g?
2
Suppose 0 = -0*r + r - 25. Suppose -o + r = 4*o. Suppose -a = -5*a + o*g + 42, 0 = -5*a - 3*g + 34. What is the greatest common divisor of 32 and a?
8
Let v = -17 - -24. Let z(h) = 6*h**2 - h. Let l be z(1). Suppose -4*i + v = -l. Calculate the highest common divisor of 3 and i.
3
Let y(w) = w**2 + 9*w + 4. Let z be y(-7). Let l be (32/(-20))/((-2)/50). Let b be l/3*(-12)/z. What is the highest common factor of b and 80?
16
Let p(h) = h**2 - h. Let a be p(1). Suppose w = 2*x - 3*w - 38, a = -x + 5*w + 19. What is the greatest common divisor of x and 171?
19
Let g(d) = d**3 - 7*d**2 + 10*d - 14. Let m be g(6). Calculate the greatest common factor of 20 and m.
10
Suppose -2*q + 64 = 4. Let l = -16 + q. What is the greatest common divisor of l and 56?
14
Let y = -27 - -38. What is the greatest common factor of y and 1?
1
Let f be -1 + 2 - -1 - -19. Let i(b) = 7*b**3 + 2*b**2 - 2*b. Let q be i(1). Calculate the greatest common divisor of q and f.
7
Suppose 0 = -0*v + v - 2*f - 13, -f = -v + 8. Suppose 5*t = -5*c + 19 + 11, -v*c = -t + 14. Calculate the greatest common divisor of 64 and t.
8
Let k = -20 + 6. Let y = k + 68. What is the highest common divisor of 6 and y?
6
Let p = -2 - -5. Suppose -2*l - 25 = -p*l. Let m be (-5781)/(-33) - (-3 + (-105)/(-33)). Calculate the highest common divisor of l and m.
25
Let f = 21 - -54. What is the highest common factor of f and 30?
15
Suppose -116 = -5*j - 4*v, -5*v - 40 = 5*j - 155. Calculate the highest common factor of j and 96.
24
Suppose 2*t + 26 = 6. Let i = t + 6. Let b = 5 + i. Calculate the greatest common divisor of 3 and b.
1
Suppose -2*h - 499 + 117 = 0. Let a = 275 + h. Calculate the greatest common divisor of a and 12.
12
Suppose 5*l = 2*m - m + 292, 2*m = -l + 54. Suppose 2*t = 4*n + n - 64, -5*n - t + l = 0. What is the highest common divisor of n and 84?
12
Let k(o) be the first derivative of 0*o - 2 + 3/2*o**2. Let g be k(3). Calculate the highest common factor of 6 and g.
3
Let d be ((-8)/(-2))/2 - 1. Let j be (-1)/(0 - d) - -9. Calculate the highest common divisor of j and 5.
5
Let p be (-424)/(-36) + 6/27. What is the highest common divisor of 36 and p?
12
Let t(q) = -54*q - 1. Let c be t(-1). Suppose 5*g - 41 = -2*j, -3*j + 2*g - g + c = 0. Let p be 5 + 28 + (4 - 1). What is the highest common factor of p and j?
18
Let w be (-6)/(-4)*1*18. Suppose -79 = 5*z - 4*f, 2*z + 0*z - f + 31 = 0. Let x = w + z. What is the greatest common divisor of x and 18?
6
Let d(u) = u - 2. Suppose -3*i + 2 = -4. Let f be d(i). Suppose f = -4*t + 3*t + 34. Calculate the greatest common divisor of 51 and t.
17
Let n(y) = 5*y - 3. Let l be n(11). What is the greatest common factor of 130 and l?
26
Suppose 5*v + 4*n - 51 = 0, 3*n + 12 + 4 = 4*v. Let w be -2 + 7*1/1. Let h(a) = 3*a**2 + 2. Let x be h(w). Calculate the greatest common divisor of x and v.
7
Let h(q) = 4*q**3 - q**2 - q - 1. Let v be h(3). Calculate the greatest common factor of 38 and v.
19
Let g(o) = 3*o. Let s be g(-2). Let t = s - -6. Suppose 0 = -t*q - 4*q + 44. Calculate the highest common factor of q and 121.
11
Suppose -2*k = -3*l + 2*l - 7, 1 = 5*k + 3*l. Let d be 13 + k + (-5)/1. Calculate the highest common factor of d and 4.
2
Suppose 0 = 3*s + 1 - 13. Suppose j + 2 = s. Suppose 8 = j*y, 2*z + 2*y - 92 = 3*y. Calculate the greatest common factor of z and 32.
16
Suppose k = j - 9, -4*k - 17 = -j + 4. Suppose b + 2*g = -6, j*b + 12 = -0*b - 4*g. Let f be 3 - (2 + b + -4). What is the highest common factor of 1 and f?
1
Let k be 25*(-4 - 44/(-10)). Calculate the greatest common factor of k and 25.
5
Let w be ((-14)/21)/((-3)/27). What is the highest common divisor of 9 and w?
3
Suppose -10 = -2*s - 3*s. Let j be (-30)/9*(-15)/s. Let v = -13 + j. What is the greatest common divisor of v and 12?
12
Let s(h) = 2*h**3 + 4*h**2 - h - 1. Let d be s(-3). Let g = d - -26. Calculate the greatest common factor of 80 and g.
10
Suppose 5*b + 1050 = -0*l - 2*l, 5*b - 3*l + 1025 = 0. Let z = b + 400. What is the greatest commo